p(w). Suppose c*o - 87 = 488. Is o a composite number?
True
Suppose 6*w - 4*w = 8. Suppose 2*z + 4 = w*z. Is 5*35 - (z + -6) a composite number?
False
Is (-34)/((-2 + 1)/(23/2)) prime?
False
Suppose 11 = 2*t + 5*y, 6*y = 5*t + 2*y - 11. Is (2 - 1 - -351) + t + -2 a prime number?
True
Suppose -2*p + 12 - 4 = 0. Suppose p*m = -m - 3*b + 305, m + 5*b = 83. Is m composite?
True
Is (-3)/((-18)/8) - 3083325/(-63) prime?
False
Let h = -3 + 5. Suppose -h*i + 11 = 3. Suppose 2*l - i*l = -334. Is l composite?
False
Let w = 37 - 23. Let u = w - 11. Suppose -u*g + 1702 = -1175. Is g a composite number?
True
Is 11851/9 + (-8)/(-36) a prime number?
False
Suppose -5*g - 22 = -7, 0 = 4*u - 2*g - 9274. Is u prime?
False
Let d be (0 + 3)/((-15)/(-20)). Let h be 0/4 + 0 + d. Suppose 135 = h*p - 2*k - 137, -2*p = -5*k - 144. Is p a composite number?
False
Let y(z) = z + 6. Let b be y(-4). Suppose 0 = -3*o + 3*h + 1149, -b*o - 3*o = 3*h - 1875. Suppose 3*k = o + 1659. Is k composite?
True
Suppose 2*s + 130 = -3*s. Let l = 69 + s. Is l prime?
True
Let a(p) = 55*p - 36. Let i(q) = -165*q + 107. Let j(v) = -11*a(v) - 4*i(v). Is j(7) a composite number?
False
Let o be (-5)/(20/32)*(3 - 5). Suppose 20545 = -9*x + o*x. Is x a composite number?
True
Let p(x) = x + 2. Suppose t + 3*t = 0. Let j be p(t). Is 1 + j*24*1 prime?
False
Let k(n) = -2*n - 20. Let q(d) = d**2 - d. Let x(i) = -k(i) - q(i). Let a be x(6). Suppose a*h + 26 - 256 = 0. Is h a composite number?
True
Let o = 321871 + -172602. Is o a prime number?
True
Let w(i) be the third derivative of -85*i**4/12 + 4*i**2. Let f(c) = 340*c - 1. Let z(b) = 3*f(b) + 5*w(b). Is z(2) a composite number?
False
Suppose 0 = 38*o - 15*o - 2921. Is o a composite number?
False
Suppose -13*t = -10*t - 97152. Suppose 2*k - 2*y = -5*y + 16174, t = 4*k - 3*y. Is k prime?
True
Suppose -25*w + 254138 = 59113. Is w composite?
True
Suppose -2*g = -6*g + 28. Let d(h) = 6 + g*h**2 + 5 - 5 + 2*h + 4*h. Is d(5) a prime number?
True
Let z = -1072 + 3154. Suppose z = y + 235. Is y a prime number?
True
Suppose 0 = -4*w - 6 - 2. Let q be 0/((-6)/w) - -345. Suppose -117 + q = 4*y. Is y a composite number?
True
Let z = 18269 + -562. Is z a composite number?
False
Let f be (-8)/36 + (-40)/(-18). Suppose -f*m + 1 = -5. Is (263 + m)/(0 - -2) composite?
True
Suppose -4*m = -20, -4*d + 120 = -3*d + 5*m. Let p = d + -37. Is p a composite number?
True
Is -3*((56760/(-9))/10 + -3) a prime number?
True
Let l = 28 - 26. Suppose 0 = -l*v + 4*p + 2642, 1320 = -2*v + 3*v - p. Is v composite?
False
Is (-5 + (-192)/(-42))*-1351 a composite number?
True
Let a(r) = r**2 + 3*r + 9. Let b(f) be the third derivative of f**4/24 + 7*f**3/6 + 12*f**2. Let t be b(-3). Is a(t) a composite number?
False
Is 0 - (-9 - -5) - (-1250 - 1) a prime number?
False
Suppose -4*c = n + 17 - 4, -11 = -5*n - c. Let a(i) = 15*i - 2. Is a(n) a composite number?
False
Suppose -6*r + 4*r - 1 = w, -3*r = -2*w + 19. Suppose 0 = -w*o + 2*o + 15, 3*o - 1570 = -5*b. Is b a composite number?
False
Let q(m) = -2*m - m - 3 + 5*m. Let c be q(2). Is 13*19 + 4/c a composite number?
False
Suppose -5*b + 3*b + 6 = 0. Let l be (b + (-680)/(-12))*6. Suppose 293 = 3*d - l. Is d a composite number?
True
Let y(m) = 34*m**2 + 77*m + 2. Is y(-9) prime?
True
Let y(g) be the first derivative of -g**3/3 + g**2/2 + 2*g - 2. Let n be y(0). Is 2064/42 + n/(-14) a composite number?
True
Suppose p - m - 4 = 0, 3*p - 2 - 2 = m. Suppose 3411 = -p*f + 9*f. Is f a prime number?
True
Let p be (-2)/((-10)/6 + 1). Let q = 8 - p. Suppose -2*n + 2*v + 264 = 0, 4*n = q*n + 4*v - 127. Is n a prime number?
True
Let z be (-10)/(-6) + 13/39. Is (-131)/(2/(z - 4)) a prime number?
True
Is ((-133588)/(-112))/(1/4) composite?
True
Suppose 4*a - 2790 = -a + 5*f, 0 = 5*a + 3*f - 2814. Suppose -2*r - a = -3271. Is r prime?
False
Suppose 36846 = 11*s - 180965. Is s a composite number?
False
Let w(o) = -o**3 + 3*o**2 - 4*o + 7. Let h be w(3). Let r(d) = 48*d**2 - 2*d + 3. Is r(h) a composite number?
False
Is -5 + (-95)/(-20) + 484530/40 a prime number?
True
Suppose -65 - 4 = -5*w - r, w - r - 9 = 0. Suppose -k - w = -176. Is k prime?
True
Let u be 5/10 - 19/2. Let g = -6 - u. Suppose 0 = g*b + 160 - 445. Is b prime?
False
Let o(m) = 24*m - 1. Let i be o(4). Suppose 5*u = 3*d + i, -4*u + 0*u - 146 = 5*d. Is d/(-105) - (-4630)/14 a composite number?
False
Let n(o) = -262*o - 415. Is n(-44) composite?
False
Suppose 0 = 2*a - 5*f - 2459, 2*f = -3*a - f + 3636. Is a a prime number?
True
Let f(a) = 49*a + 48. Let t be f(-17). Is -2 + 3 - -1 - t composite?
False
Let m(k) = -128*k**3 - 2*k**2 + 2*k + 8. Let p be m(-4). Suppose 5*f - p = 2105. Is f a prime number?
True
Suppose 33*z - 38*z + 3165 = 0. Suppose -2*g + 40 = n - z, -3365 = -5*n - 3*g. Is n a composite number?
False
Suppose 25*h - m = 23*h + 1181, 3*h + 5*m - 1778 = 0. Is h prime?
False
Suppose 3*n = -2*n + 4*o + 130245, -2*o = -4*n + 104202. Is n composite?
False
Let d(x) = 76*x + 9. Suppose -5*c + 5*h + 270 = 0, 3*c - 150 = h - 4*h. Let a be (-2)/(-4) - c/(-8). Is d(a) a prime number?
True
Suppose 2*u - 453 = -u - 3*v, 0 = -5*u - v + 739. Let f = u + 50. Let j = -118 + f. Is j a composite number?
False
Is (119/21 - 3 - 1)*159 a prime number?
False
Suppose 24*u - 5*u - 162697 = 0. Is u prime?
True
Let i(z) = 770*z**2 + 257*z + 12. Is i(7) a prime number?
True
Let g be ((-2)/2)/(2/(-8)). Let p(t) = 69*t**2 + 9*t + 10. Let u be p(-2). Suppose -o + u = 2*y - 87, 907 = 5*y - g*o. Is y prime?
True
Let k = 55 + -19. Let c = k - 36. Suppose c = 2*a - 102 - 784. Is a composite?
False
Let j be ((-3)/(-6))/((-2)/(-160)). Let m = 22 - j. Is (1/(-3))/(2/m) prime?
True
Is -5 + 2 + 14648/4 a prime number?
True
Let h(v) = 4*v**3 + 19*v**2 + 9*v + 25. Let f(o) = o**3 + o**2 + 1. Let z(n) = 3*f(n) - h(n). Is z(-16) a prime number?
False
Let j = 4 - 2. Let h be (2 - j)/(8 + -5). Suppose h*a = -2*a + 242. Is a a composite number?
True
Let t(q) = 5*q**2 + 12*q + 1. Let v be t(-8). Suppose 4*x - n = -397, n + 53 + 138 = -2*x. Let s = v + x. Is s prime?
True
Let d be (-1573)/(-52) - (-2)/(-8). Suppose -3*v = 36 + d. Let z = v + 81. Is z composite?
False
Let v(y) = -19*y**3 + 7*y**2 + 24*y + 59. Is v(-6) a prime number?
True
Let p(f) = -623*f - 43. Is p(-12) composite?
False
Let s = 2541 + -320. Let r = 3536 - s. Is r a composite number?
True
Let l(g) be the second derivative of g**5/4 - 11*g**4/12 + 11*g**3/6 + g**2 + 7*g. Is l(7) prime?
False
Let p(y) = 20*y**2 + 49*y + 1. Is p(-12) prime?
True
Let x be 28/4 - (-4*1 - -2). Suppose -x*q + 12793 = 2*q. Is q a prime number?
True
Let z(w) = -19*w**3 + 6*w**2 + 35*w + 1. Is z(-6) a composite number?
False
Suppose 2*t - 10 = -t - 2*h, -4*t + 3*h + 2 = 0. Let l be 6 - 10 - (-2 + (-1 - -2)). Is (t/l)/((-4)/1986) a prime number?
True
Is (2 - (-7)/(-3)) + (-81158)/(-33) a prime number?
True
Let m = 26132 + -7615. Is m composite?
False
Let y be (0 - -4)*(-1)/(-2). Suppose -y*d = -5*d + 9. Suppose 0*b + d*b = 231. Is b composite?
True
Suppose 2*r + 404 - 5942 = -5*j, 4*r = -j + 11112. Is r prime?
False
Is 1/2 - 27615/(-70) prime?
False
Let z(o) = o**3 - 11*o**2 + o - 7. Let p be z(11). Suppose -5*q + 2010 - 500 = 0. Suppose 66 - q = -p*r. Is r prime?
True
Is 6/(-14) + (473484/21)/2 a prime number?
True
Let l = 1112 + 2571. Is l composite?
True
Suppose 5*a + 471 - 1651 = 0. Suppose n = a - 1. Suppose y + 0*y - n = 0. Is y a prime number?
False
Let s be (-1)/(-4) + (-1339)/(-4). Is s/(3 + -2) + -4 a prime number?
True
Is (3 + 1690)*1*(-4 + 5) a composite number?
False
Let o(a) = 113*a - 46. Let b(l) = 38*l - 15. Let c(j) = 8*b(j) - 3*o(j). Is c(-8) a composite number?
True
Let p = -297 - -140. Suppose 3*s = -99 - 45. Let y = s - p. Is y a composite number?
False
Let d = -334 + 5997. Is d prime?
False
Let c(p) = 3 - 16*p + 21*p + 13*p. Let n = -4 + 7. Is c(n) composite?
True
Suppose 0 = -3*k + 3*g + 57, 2*k + k - g - 67 = 0. Is (-2)/(22/(-4541)) + k/132 prime?
False
Let v(y) = 3*y**2 - 4*y + 8. Let n be v(-7). Let l = n + -130. Is l a prime number?
True
Let p = 5104 + -1457. Is p a composite number?
True
Is (-13 - -20) + -5 + 60561 a prime number?
False
Let s be 66*(7/35)/((-3)/(-10)). Let j(d) = 35*d**2 - 2*d - 2. Let l be j(2). Suppose 2*n = s + l. Is n prime?
True